 2 a factor of 54147?
False
Does 193 divide 822373?
True
Is 60 a factor of 6064266?
False
Does 110 divide 265100?
True
Is 54 a factor of 7094455?
False
Does 126 divide 1516284?
True
Does 89 divide 1426726?
False
Is 7 a factor of 46242?
True
Does 24 divide 1842288?
True
Is 1598324 a multiple of 52?
True
Is 256599 a multiple of 21?
True
Is 383 a factor of 7047803?
False
Is 1250947 a multiple of 36?
False
Is 2230010 a multiple of 21?
False
Is 1854456 a multiple of 24?
True
Does 6 divide 1840162?
False
Is 3025222 a multiple of 1213?
True
Is 56183 a multiple of 18?
False
Does 276 divide 29432519?
False
Is 5 a factor of 69517?
False
Does 3 divide 119013?
True
Does 4 divide 1668856?
True
Does 258 divide 2206932?
True
Is 335192 a multiple of 44?
True
Is 6990426 a multiple of 83?
True
Does 11 divide 81909?
False
Is 824922 a multiple of 18?
True
Is 1539216 a multiple of 35?
False
Does 6 divide 30218?
False
Is 149073 a multiple of 7?
False
Does 58 divide 213078?
False
Is 379313 a multiple of 16?
False
Is 226719 a multiple of 243?
True
Does 98 divide 212856?
True
Is 39 a factor of 834600?
True
Is 140 a factor of 2581740?
True
Is 180976 a multiple of 21?
False
Is 73 a factor of 168929?
False
Does 31 divide 2792697?
True
Is 32 a factor of 25856?
True
Is 2 a factor of 30043?
False
Is 136 a factor of 1527552?
True
Is 10 a factor of 19030?
True
Is 5416220 a multiple of 364?
False
Is 232 a factor of 16759?
False
Is 8 a factor of 27093?
False
Is 171475 a multiple of 60?
False
Is 78 a factor of 442358?
False
Is 6 a factor of 138202?
False
Does 359 divide 2115946?
True
Does 101 divide 49715?
False
Does 10 divide 123460?
True
Does 77 divide 233310?
True
Is 93720 a multiple of 2343?
True
Does 12 divide 3719009?
False
Is 51 a factor of 1489302?
True
Is 208 a factor of 3021930?
False
Is 68650 a multiple of 73?
False
Is 11 a factor of 167134?
True
Is 1607616 a multiple of 16?
True
Is 317902 a multiple of 240?
False
Does 20 divide 266840?
True
Does 21 divide 4431?
True
Is 3484881 a multiple of 153?
True
Is 79 a factor of 1477063?
True
Is 13 a factor of 7073729?
True
Is 7 a factor of 2154433?
False
Does 295 divide 2909294?
False
Does 34 divide 8169789?
False
Is 11 a factor of 150865?
True
Is 109809 a multiple of 9?
True
Does 43 divide 28393?
False
Does 71 divide 1278349?
False
Does 16 divide 2482013?
False
Does 115 divide 12495210?
True
Does 108 divide 1171496?
False
Does 24 divide 71840?
False
Is 1465 a multiple of 12?
False
Is 539 a factor of 206437?
True
Is 27090 a multiple of 430?
True
Is 661458 a multiple of 28?
False
Is 567800 a multiple of 200?
True
Is 174529 a multiple of 89?
True
Does 22 divide 80415?
False
Does 16 divide 1338275?
False
Does 13 divide 12035?
False
Is 396 a multiple of 36?
True
Is 23 a factor of 332398?
False
Does 611 divide 3579849?
True
Does 102 divide 296976?
False
Is 9 a factor of 2448288?
True
Is 123 a factor of 275048?
False
Does 9 divide 47799?
True
Does 4 divide 622192?
True
Does 8 divide 456989?
False
Is 274 a factor of 52608?
True
Is 1414374 a multiple of 6?
True
Does 75 divide 13894800?
True
Is 340018 a multiple of 2?
True
Is 2655 a multiple of 177?
True
Is 1338 a factor of 3150990?
True
Does 57 divide 617857?
False
Is 31 a factor of 603362?
False
Is 249 a factor of 48804?
True
Is 21 a factor of 4883256?
True
Does 16 divide 759213?
False
Is 3173532 a multiple of 186?
True
Does 17 divide 855253?
True
Is 360973 a multiple of 315?
False
Is 4607 a multiple of 3?
False
Is 58 a factor of 3097449?
False
Is 1663335 a multiple of 135?
True
Is 45849 a multiple of 31?
True
Is 429 a factor of 332487?
False
Does 14 divide 373478?
True
Is 146 a factor of 144686?
True
Does 12 divide 1260565?
False
Is 30 a factor of 585660?
True
Is 85804 a multiple of 2?
True
Is 245 a factor of 5178322?
False
Is 1144016 a multiple of 29?
False
Is 89546 a multiple of 48?
False
Is 314433 a multiple of 82?
False
Is 28 a factor of 58996?
True
Is 9631 a multiple of 24?
False
Is 359155 a multiple of 109?
True
Is 272235 a multiple of 15?
True
Is 192038 a multiple of 34?
False
Is 1198264 a multiple of 808?
True
Does 1063 divide 4979785?
False
Does 911 divide 9136419?
True
Is 4931510 a multiple of 10?
True
Is 122 a factor of 6000814?
True
Is 11 a factor of 2996301?
True
Is 14997 a multiple of 6?
False
Is 26 a factor of 111631?
False
Does 62 divide 15947654?
False
Does 5 divide 910164?
False
Is 127 a factor of 95885?
True
Does 763 divide 3629591?
True
Is 446 a factor of 1327527?
False
Does 621 divide 2611305?
True
Is 5809300 a multiple of 700?
True
Does 155 divide 58589?
False
Is 1940288 a multiple of 976?
True
Is 82055 a multiple of 188?
False
Is 337500 a multiple of 27?
True
Is 13 a factor of 13083916?
False
Does 145 divide 291885?
True
Is 52 a factor of 1402844?
False
Is 7 a factor of 6332158?
True
Is 915290 a multiple of 133?
False
Is 1691700 a multiple of 300?
True
Does 123 divide 2868114?
True
Does 7 divide 1881467?
True
Is 8 a factor of 14596576?
True
Is 2263 a factor of 2726915?
True
Is 2240766 a multiple of 99?
True
Is 82 a factor of 922527?
False
Is 143828 a multiple of 37?
False
Is 7 a factor of 7585415?
False
Is 21 a factor of 89276?
False
Does 18 divide 130320?
True
Is 3 a factor of 207675?
True
Is 91307 a multiple of 100?
False
Does 438 divide 86867?
False
Is 5510 a multiple of 9?
False
Is 1014 a factor of 753402?
True
Does 21 divide 4733192?
False
Does 12 divide 1140444?
True
Does 26 divide 1199177?
False
Is 2695053 a multiple of 81?
False
Is 3350062 a multiple of 577?
True
Does 25 divide 25786?
False
Does 138 divide 2196948?
False
Is 153856 a multiple of 64?
True
Is 85184 a multiple of 88?
True
Is 65280 a multiple of 82?
False
Is 24 a factor of 57672?
True
Is 73302 a multiple of 57?
True
Is 22 a factor of 637766?
False
Does 85 divide 5481225?
True
Is 5022278 a multiple of 42?
False
Is 21770 a multiple of 35?
True
Does 123 divide 152749?
False
Is 4 a factor of 18604?
True
Does 26 divide 115726?
True
Is 17777031 a multiple of 392?
False
Is 16 a factor of 15104?
True
Does 9 divide 6528248?
False
Is 3972998 a multiple of 92?
False
Does 228 divide 256956?
True
Is 5 a factor of 1491972?
False
Does 5 divide 167515?
True
Is 27713 a multiple of 749?
True
Is 10 a factor of 22644?
False
Is 27 a factor of 115874?
False
Does 17 divide 57373?
False
Does 10 divide 4546185?
False
Is 303576 a multiple of 26?
True
Is 1316421 a multiple of 723?
False
Is 20 a factor of 885360?
True
Is 7 a factor of 56349?
False
Is 13 a factor of 6372447?
False
Is 182 a factor of 960050?
True
Is 622560 a multiple of 96?
True
Is 13104 a multiple of 28?
True
Is 379 a factor of 1046748?
False
Is 6547220 a multiple of 23?
False
Is 1444 a multiple of 10?
False
Is 4 a factor of 327824?
True
Does 85 divide 52275?
True
Is 32000 a multiple of 3?
False
Is 313049 a multiple of 149?
True
Is 24225 even?
False
Does 154 divide 144914?
True
Is 28791 a multiple of 21?
True
Is 940852 a multiple of 24?
False
Is 84 a factor of 116214?
False
Does 12 divide 524426?
False
Does 100 divide 1045600?
True
Does 23 divide 466652?
False
Does 154 divide 679429?
False
Is 6 a factor of 30645?
False
Is 18 a factor of 5969039?
False
Does 430 divide 583287?
False
Is 151 a factor of 1937632?
True
Is 196872 a multiple of 39?
True
Does 87 divide 2629811?
False
Is 79 a factor of 35607?
False
Is 69 a factor of 28175?
False
Is 10 a factor of 1395090?
True
Does 75 divide 257341?
False
Is 3 a factor of 46859?
False
Is 226554 a multiple of 324?
False
Does 281 divide 7969441?
True
Is 873 a factor of 2990898?
True
Is 40 a factor of 1004760?
True
Is 66 a factor of 116886?
True
Is 16020914 a multiple of 91?
True
Does 42 divide 315013?
False
Is 2164500 a multiple of 156?
True
Is 20630454 a multiple of 33?
False
Is 18 a factor of 226476?
True
Is 1405125 a multiple of 189?
False
Is 65049 a multiple of 18?
False
Is 66 a factor of 206712?
True
Is 35 a factor of 20790?
True
Is 67112 a multiple of 13?
False
Is 4372128 a multiple of 1786?
True
Is 116418 a multiple of 34?
False
Is 91504 a multiple of 14?
True
Is 344596 a multiple of 217?
True
Is 29 a factor of 1344701?
True
Is 1639560 a multiple of 5?
True
Is 632699 a multiple of 17?
False
Does 453 divide 253523?
False
Is 220524 a multiple of 282?
True
Is 3168 a multiple of 264?
True
Does 6 divide 165